{"id":14,"date":"2020-02-24T23:25:52","date_gmt":"2020-02-24T22:25:52","guid":{"rendered":"http:\/\/new.pecheursdeparis.fr\/?page_id=14"},"modified":"2020-02-24T23:31:37","modified_gmt":"2020-02-24T22:31:37","slug":"qui-sommes-nous","status":"publish","type":"page","link":"https:\/\/pecheursdeparis.fr\/index.php\/qui-sommes-nous\/","title":{"rendered":"Qui sommes-nous?"},"content":{"rendered":"\n<p><strong>L&rsquo;UPP, de son vrai nom Union des P\u00eacheurs de Paris et de la Seine est l&rsquo;AAPPMA<\/strong><\/p>\n\n\n\n<p>(Association Agr\u00e9e pour la P\u00eache et la Protection du Milieu Aquatique) qui g\u00e8re les baux de la Seine \u00e0 Paris.)<\/p>\n\n\n\n<p>Depuis 1891, nous g\u00e9rons ces baux qui s&rsquo;\u00e9tendent de 200m en amont du pont National jusqu&rsquo;\u00e0 200m en aval du pont du Garigliano.<\/p>\n\n\n\n<p>Le bureau actuel est compos\u00e9 de&nbsp;:<\/p>\n\n\n\n<ul class=\"wp-block-list\"><li>Catherine MIART, Pr\u00e9sidente<\/li><li>Tri NGUYEN, Tr\u00e9sorier<\/li><li>Charlie ROZPECZNY, Secr\u00e9taire<\/li><\/ul>\n\n\n\n<p>Ce bureau se r\u00e9unit plusieurs fois par an afin de g\u00e9rer les affaires courantes.<\/p>\n\n\n\n<p>La vie de l&rsquo;association est organis\u00e9e autour de plusieurs temps forts&nbsp;:<\/p>\n\n\n\n<ul class=\"wp-block-list\"><li>Des sorties r\u00e9guli\u00e8res ouverte \u00e0 tous<\/li><li>Notre assembl\u00e9e g\u00e9n\u00e9rale annuelle en d\u00e9but d&rsquo;ann\u00e9e<\/li><li>La participation ou l&rsquo;organisation de manifestations halieutiques (ouverture du Brochet fin Avril, f\u00eate de la p\u00eache le 1er dimanche de Juin)<\/li><\/ul>\n\n\n\n<p>Ainsi que des actions ponctuelles comme l&#8217;empoissonnement.<\/p>\n\n\n\n<p>Notre AAPPMA fait partie de la f\u00e9d\u00e9ration de p\u00eache 75\/92\/93\/94 qui regroupe 16 associations de la r\u00e9gion Parisienne.<\/p>\n\n\n\n<p>Suivez-nous \u00e9galement sur notre page Facebook :&nbsp;Suivez-nous \u00e9galement sur notre Instagram&nbsp;: UPP_UnionDesPecheursDeParis<\/p>\n\n\n\n<p>Les documents relatifs aux Assembl\u00e9es G\u00e9n\u00e9rales annuelles sont publi\u00e9s sur le site d\u00e8s qu&rsquo;ils sont disponibles<\/p>\n\n\n\n<p>Publi\u00e9 le lundi,10 octobre 2011 par UPP Admin<\/p>\n","protected":false},"excerpt":{"rendered":"<p>L&rsquo;UPP, de son vrai nom Union des P\u00eacheurs de Paris et de la Seine est l&rsquo;AAPPMA (Association Agr\u00e9e pour la P\u00eache et la Protection du Milieu Aquatique) qui g\u00e8re les baux de la Seine \u00e0 Paris.) Depuis 1891, nous g\u00e9rons ces baux qui s&rsquo;\u00e9tendent de 200m en amont du pont National jusqu&rsquo;\u00e0 200m en aval [&hellip;]<\/p>\n","protected":false},"author":1,"featured_media":17,"parent":0,"menu_order":0,"comment_status":"closed","ping_status":"closed","template":"","meta":{"footnotes":""},"class_list":["post-14","page","type-page","status-publish","has-post-thumbnail","hentry"],"_links":{"self":[{"href":"https:\/\/pecheursdeparis.fr\/index.php\/wp-json\/wp\/v2\/pages\/14","targetHints":{"allow":["GET"]}}],"collection":[{"href":"https:\/\/pecheursdeparis.fr\/index.php\/wp-json\/wp\/v2\/pages"}],"about":[{"href":"https:\/\/pecheursdeparis.fr\/index.php\/wp-json\/wp\/v2\/types\/page"}],"author":[{"embeddable":true,"href":"https:\/\/pecheursdeparis.fr\/index.php\/wp-json\/wp\/v2\/users\/1"}],"replies":[{"embeddable":true,"href":"https:\/\/pecheursdeparis.fr\/index.php\/wp-json\/wp\/v2\/comments?post=14"}],"version-history":[{"count":1,"href":"https:\/\/pecheursdeparis.fr\/index.php\/wp-json\/wp\/v2\/pages\/14\/revisions"}],"predecessor-version":[{"id":15,"href":"https:\/\/pecheursdeparis.fr\/index.php\/wp-json\/wp\/v2\/pages\/14\/revisions\/15"}],"wp:featuredmedia":[{"embeddable":true,"href":"https:\/\/pecheursdeparis.fr\/index.php\/wp-json\/wp\/v2\/media\/17"}],"wp:attachment":[{"href":"https:\/\/pecheursdeparis.fr\/index.php\/wp-json\/wp\/v2\/media?parent=14"}],"curies":[{"name":"wp","href":"https:\/\/api.w.org\/{rel}","templated":true}]}}